{"id":17664,"date":"2025-05-14T23:43:30","date_gmt":"2025-05-14T23:43:30","guid":{"rendered":"https:\/\/www.hurtadogrupoinmobiliario.com\/?post_type=property&#038;p=17664"},"modified":"2025-06-26T17:13:42","modified_gmt":"2025-06-26T17:13:42","slug":"apartamento-en-arriendo-10","status":"publish","type":"property","link":"https:\/\/www.hurtadogrupoinmobiliario.com\/?property=apartamento-en-arriendo-10","title":{"rendered":"Apartamento En Arriendo"},"content":{"rendered":"<p><strong>ARRENDADO<\/strong><\/p>\n<p>Hermoso apartamento para estrenar. Ubicado en el barrio Restrepo, Bogot\u00e1<br \/>\nTiene un \u00e1rea de 33 metros cuadrados<br \/>\nConsta de :<br \/>\n2 habitaciones,1 ba\u00f1o,Sala comedor,cocina integral<br \/>\nPiso 17, super iluminado, hermosos acabados.<br \/>\nexcelente ubicaci\u00f3n y v\u00edas de acceso. Parqueadero comunal<\/p>\n<p>&nbsp;<\/p>\n","protected":false},"excerpt":{"rendered":"<p>ARRENDADO Hermoso apartamento para estrenar. Ubicado en el barrio Restrepo, Bogot\u00e1 Tiene un \u00e1rea de 33 metros cuadrados Consta de : 2 habitaciones,1 ba\u00f1o,Sala comedor,cocina integral Piso 17, super iluminado, hermosos acabados. excelente ubicaci\u00f3n y v\u00edas de acceso. Parqueadero comunal &nbsp;<\/p>\n","protected":false},"author":2,"featured_media":17972,"parent":0,"menu_order":0,"template":"","property_type":[88],"property_status":[84],"property_feature":[107,108],"property_label":[93],"property_city":[97],"class_list":["post-17664","property","type-property","status-publish","has-post-thumbnail","hentry","property_type-apartamento","property_status-en-arriendo","property_feature-porteria-24-7","property_feature-salon","property_label-arrendado","property_city-bogota"],"property_meta":{"fave_currency_info":[""],"_vc_post_settings":["a:1:{s:10:\"vc_grid_id\";a:0:{}}"],"fave_property_size":["39"],"fave_property_size_prefix":["m\u00b2"],"fave_property_bedrooms":["2"],"fave_property_bathrooms":["1"],"fave_property_garage":["1"],"fave_property_garage_size":["- -"],"fave_property_year":["- -"],"fave_property_id":["HZ22"],"fave_property_price":["1000000"],"fave_property_price_postfix":["Mes"],"fave_property_map":["1"],"fave_property_map_address":["CALLE 15 SUR # 26-43"],"fave_property_location":["4.5879322654908,-74.101753234863"],"houzez_geolocation_lat":["4.5879322654908"],"houzez_geolocation_long":["-74.101753234863"],"fave_property_country":["US"],"fave_additional_features_enable":["enable"],"additional_features":["a:4:{i:0;a:2:{s:29:\"fave_additional_feature_title\";s:6:\"Barrio\";s:29:\"fave_additional_feature_value\";s:8:\"Restrepo\";}i:1;a:2:{s:29:\"fave_additional_feature_title\";s:12:\"Piso N\u00famero\";s:29:\"fave_additional_feature_value\";s:2:\"17\";}i:2;a:2:{s:29:\"fave_additional_feature_title\";s:26:\"Cerca a Centro Comerciales\";s:29:\"fave_additional_feature_value\";s:2:\"Si\";}i:3;a:2:{s:29:\"fave_additional_feature_title\";s:20:\"Cerca a Transmilenio\";s:29:\"fave_additional_feature_value\";s:2:\"Si\";}}"],"fave_floor_plans_enable":["enable"],"floor_plans":["a:2:{i:0;a:8:{s:15:\"fave_plan_title\";s:11:\"First Floor\";s:15:\"fave_plan_rooms\";s:8:\"670 Sqft\";s:19:\"fave_plan_bathrooms\";s:8:\"530 Sqft\";s:15:\"fave_plan_price\";s:5:\"1,650\";s:23:\"fave_plan_price_postfix\";s:0:\"\";s:14:\"fave_plan_size\";s:9:\"1267 Sqft\";s:15:\"fave_plan_image\";s:75:\"https:\/\/sandbox.favethemes.com\/houzez\/wp-content\/uploads\/2016\/01\/plan-1.jpg\";s:21:\"fave_plan_description\";s:290:\"Plan description. Lorem ipsum dolor sit amet, consectetuer adipiscing elit, sed diam nonummy nibh euismod tincidunt ut laoreet dolore magna aliquam erat volutpat. Ut wisi enim ad minim veniam, quis nostrud exerci tation ullamcorper suscipit lobortis nisl ut aliquip ex ea commodo consequat.\";}i:1;a:8:{s:15:\"fave_plan_title\";s:12:\"Second Floor\";s:15:\"fave_plan_rooms\";s:8:\"543 Sqft\";s:19:\"fave_plan_bathrooms\";s:8:\"238 Sqft\";s:15:\"fave_plan_price\";s:5:\"1,600\";s:23:\"fave_plan_price_postfix\";s:0:\"\";s:14:\"fave_plan_size\";s:9:\"1345 Sqft\";s:15:\"fave_plan_image\";s:75:\"https:\/\/sandbox.favethemes.com\/houzez\/wp-content\/uploads\/2016\/01\/plan-2.jpg\";s:21:\"fave_plan_description\";s:290:\"Plan description. Lorem ipsum dolor sit amet, consectetuer adipiscing elit, sed diam nonummy nibh euismod tincidunt ut laoreet dolore magna aliquam erat volutpat. Ut wisi enim ad minim veniam, quis nostrud exerci tation ullamcorper suscipit lobortis nisl ut aliquip ex ea commodo consequat.\";}}"],"fave_featured":["0"],"houzez_featured_listing_date":[""],"fave_property_address":["CALLE 15 SUR # 26-43"],"fave_property_zip":["111511"],"fave_agent_display_option":["agent_info"],"fave_video_image":["16144"],"fave_payment_status":["not_paid"],"fave_property_map_street_view":[""],"_dp_original":["285"],"houzez_total_property_views":["2408"],"houzez_views_by_date":["a:61:{s:10:\"01-19-2020\";i:2;s:10:\"01-20-2020\";i:2;s:10:\"01-22-2020\";i:2;s:10:\"01-23-2020\";i:1;s:10:\"01-24-2020\";i:1;s:10:\"01-25-2020\";i:1;s:10:\"01-27-2020\";i:2;s:10:\"01-28-2020\";i:1;s:10:\"01-29-2020\";i:1;s:10:\"01-30-2020\";i:2;s:10:\"01-31-2020\";i:2;s:10:\"05-10-2025\";i:1;s:10:\"05-12-2025\";i:1;s:10:\"05-13-2025\";i:5;s:10:\"05-14-2025\";i:8;s:10:\"05-15-2025\";i:1;s:10:\"05-16-2025\";i:1;s:10:\"05-17-2025\";i:1;s:10:\"05-29-2025\";i:1;s:10:\"06-05-2025\";i:1;s:10:\"06-10-2025\";i:1;s:10:\"06-11-2025\";i:1;s:10:\"06-17-2025\";i:1;s:10:\"06-21-2025\";i:1;s:10:\"06-30-2025\";i:1;s:10:\"07-09-2025\";i:1;s:10:\"07-14-2025\";i:1;s:10:\"07-20-2025\";i:1;s:10:\"08-12-2025\";i:1;s:10:\"08-22-2025\";i:1;s:10:\"08-29-2025\";i:1;s:10:\"09-10-2025\";i:1;s:10:\"09-13-2025\";i:1;s:10:\"09-22-2025\";i:2;s:10:\"09-29-2025\";i:1;s:10:\"10-01-2025\";i:1;s:10:\"10-07-2025\";i:1;s:10:\"10-16-2025\";i:1;s:10:\"10-25-2025\";i:1;s:10:\"10-29-2025\";i:1;s:10:\"11-05-2025\";i:1;s:10:\"11-10-2025\";i:1;s:10:\"11-15-2025\";i:1;s:10:\"11-25-2025\";i:1;s:10:\"12-15-2025\";i:1;s:10:\"01-09-2026\";i:1;s:10:\"01-17-2026\";i:1;s:10:\"01-24-2026\";i:1;s:10:\"01-31-2026\";i:1;s:10:\"02-10-2026\";i:1;s:10:\"02-20-2026\";i:1;s:10:\"02-24-2026\";i:1;s:10:\"03-03-2026\";i:1;s:10:\"03-07-2026\";i:1;s:10:\"03-15-2026\";i:1;s:10:\"03-25-2026\";i:1;s:10:\"03-31-2026\";i:1;s:10:\"04-09-2026\";i:1;s:10:\"04-21-2026\";i:1;s:10:\"04-26-2026\";i:1;s:10:\"04-28-2026\";i:1;}"],"fave_multiunit_plans_enable":["disable"],"houzez_recently_viewed":["2026-04-28 13:22:31"],"fave_virtual_tour":["<iframe width=\"853\" height=\"480\" src=\"https:\/\/my.matterport.com\/show\/?m=zEWsxhZpGba&play=1&qs=1\" frameborder=\"0\" allowfullscreen=\"allowfullscreen\"><\/iframe>"],"fave_single_top_area":["global"],"fave_single_content_area":["global"],"houzez_manual_expire":["0"],"_houzez_expiration_date_status":["saved"],"_edit_last":["1"],"fave_show_price_placeholder":["0"],"fave_loggedintoview":["0"],"_edit_lock":["1747347544:1"],"fave_property_price_placeholder":[""],"fave_property_price_prefix":[""],"fave_property_sec_price":[""],"fave_property_land":[""],"fave_property_land_postfix":[""],"fave_video_url":[""],"fave_property_images":["17972","17973","17965","17966","17967","17968","17969","17970","17971","17974"],"_thumbnail_id":["17972"],"fave_multi_units":[""],"fave_private_note":[""],"fave_property_disclaimer":[""],"fave_agents":["156"],"_elementor_page_assets":["a:0:{}"]},"_links":{"self":[{"href":"https:\/\/www.hurtadogrupoinmobiliario.com\/index.php?rest_route=\/wp\/v2\/properties\/17664","targetHints":{"allow":["GET"]}}],"collection":[{"href":"https:\/\/www.hurtadogrupoinmobiliario.com\/index.php?rest_route=\/wp\/v2\/properties"}],"about":[{"href":"https:\/\/www.hurtadogrupoinmobiliario.com\/index.php?rest_route=\/wp\/v2\/types\/property"}],"author":[{"embeddable":true,"href":"https:\/\/www.hurtadogrupoinmobiliario.com\/index.php?rest_route=\/wp\/v2\/users\/2"}],"version-history":[{"count":2,"href":"https:\/\/www.hurtadogrupoinmobiliario.com\/index.php?rest_route=\/wp\/v2\/properties\/17664\/revisions"}],"predecessor-version":[{"id":18275,"href":"https:\/\/www.hurtadogrupoinmobiliario.com\/index.php?rest_route=\/wp\/v2\/properties\/17664\/revisions\/18275"}],"wp:featuredmedia":[{"embeddable":true,"href":"https:\/\/www.hurtadogrupoinmobiliario.com\/index.php?rest_route=\/wp\/v2\/media\/17972"}],"wp:attachment":[{"href":"https:\/\/www.hurtadogrupoinmobiliario.com\/index.php?rest_route=%2Fwp%2Fv2%2Fmedia&parent=17664"}],"wp:term":[{"taxonomy":"property_type","embeddable":true,"href":"https:\/\/www.hurtadogrupoinmobiliario.com\/index.php?rest_route=%2Fwp%2Fv2%2Fproperty_type&post=17664"},{"taxonomy":"property_status","embeddable":true,"href":"https:\/\/www.hurtadogrupoinmobiliario.com\/index.php?rest_route=%2Fwp%2Fv2%2Fproperty_status&post=17664"},{"taxonomy":"property_feature","embeddable":true,"href":"https:\/\/www.hurtadogrupoinmobiliario.com\/index.php?rest_route=%2Fwp%2Fv2%2Fproperty_feature&post=17664"},{"taxonomy":"property_label","embeddable":true,"href":"https:\/\/www.hurtadogrupoinmobiliario.com\/index.php?rest_route=%2Fwp%2Fv2%2Fproperty_label&post=17664"},{"taxonomy":"property_city","embeddable":true,"href":"https:\/\/www.hurtadogrupoinmobiliario.com\/index.php?rest_route=%2Fwp%2Fv2%2Fproperty_city&post=17664"}],"curies":[{"name":"wp","href":"https:\/\/api.w.org\/{rel}","templated":true}]}}

<p><strong>ARRENDADO</strong></p>
<p>Hermoso apartamento para estrenar. Ubicado en el barrio Restrepo, Bogotá<br />
Tiene un área de 33 metros cuadrados<br />
Consta de :<br />
2 habitaciones,1 baño,Sala comedor,cocina integral<br />
Piso 17, super iluminado, hermosos acabados.<br />
excelente ubicación y vías de acceso. Parqueadero comunal</p>
<p>&nbsp;</p>

<p>ARRENDADO Hermoso apartamento para estrenar. Ubicado en el barrio Restrepo, Bogotá Tiene un área de 33 metros cuadrados Consta de : 2 habitaciones,1 baño,Sala comedor,cocina integral Piso 17, super iluminado, hermosos acabados. excelente ubicación y vías de acceso. Parqueadero comunal &nbsp;</p>

a:4:{i:0;a:2:{s:29:"fave_additional_feature_title";s:6:"Barrio";s:29:"fave_additional_feature_value";s:8:"Restrepo";}i:1;a:2:{s:29:"fave_additional_feature_title";s:12:"Piso Número";s:29:"fave_additional_feature_value";s:2:"17";}i:2;a:2:{s:29:"fave_additional_feature_title";s:26:"Cerca a Centro Comerciales";s:29:"fave_additional_feature_value";s:2:"Si";}i:3;a:2:{s:29:"fave_additional_feature_title";s:20:"Cerca a Transmilenio";s:29:"fave_additional_feature_value";s:2:"Si";}}
