{"id":18296,"date":"2025-07-31T17:33:16","date_gmt":"2025-07-31T17:33:16","guid":{"rendered":"https:\/\/www.hurtadogrupoinmobiliario.com\/?property=apartamento-en-arriendo-la-fragua"},"modified":"2026-03-06T20:00:36","modified_gmt":"2026-03-06T20:00:36","slug":"apartamento-en-arriendo-la-fragua","status":"publish","type":"property","link":"https:\/\/www.hurtadogrupoinmobiliario.com\/?property=apartamento-en-arriendo-la-fragua","title":{"rendered":"ARRENDADO- La Fragua"},"content":{"rendered":"<div class=\"x14z9mp xat24cr x1lziwak x1vvkbs xtlvy1s x126k92a\">\n<div dir=\"auto\">Apartamento ubicado en el barrio la Fragua<\/div>\n<div dir=\"auto\">Primer piso, vista interior<\/div>\n<div dir=\"auto\">Apartamento totalmente terminado listo para estrenar<\/div>\n<div dir=\"auto\">Consta de:<\/div>\n<div dir=\"auto\">Dos habitaciones, Cada una con closet.<\/div>\n<div dir=\"auto\">Cocina integral<\/div>\n<div dir=\"auto\">Sala comedor<\/div>\n<div dir=\"auto\">Un ba\u00f1o<\/div>\n<div dir=\"auto\">El edificio cuenta con garaje para moto<\/div>\n<\/div>\n<div class=\"x14z9mp xat24cr x1lziwak x1vvkbs xtlvy1s x126k92a\">\n<div dir=\"auto\">Ubicado cerca a la Carrera 27, Calle 17 sur, Avenida 1ro de Mayo, Av Carrera 30. Barrio Restrepo.<\/div>\n<\/div>\n","protected":false},"excerpt":{"rendered":"<p>Apartamento ubicado en el barrio la Fragua Primer piso, vista interior Apartamento totalmente terminado listo para estrenar Consta de: Dos habitaciones, Cada una con closet. Cocina integral Sala comedor Un ba\u00f1o El edificio cuenta con garaje para moto Ubicado cerca a la Carrera 27, Calle 17 sur, Avenida 1ro de Mayo, Av Carrera 30. Barrio [&hellip;]<\/p>\n","protected":false},"author":2,"featured_media":18283,"parent":0,"menu_order":0,"template":"","property_type":[88],"property_status":[86],"property_feature":[],"property_label":[93],"property_city":[97],"class_list":["post-18296","property","type-property","status-publish","has-post-thumbnail","hentry","property_type-apartamento","property_status-en-alquiler","property_label-arrendado","property_city-bogota"],"property_meta":{"fave_property_price":["1200000"],"fave_property_price_postfix":["mensual"],"fave_show_price_placeholder":["0"],"fave_property_price_placeholder":[""],"fave_property_price_prefix":[""],"fave_property_sec_price":[""],"fave_property_size":["47"],"fave_property_size_prefix":["m2"],"fave_property_land":[""],"fave_property_land_postfix":["m2"],"fave_property_bedrooms":["2"],"fave_property_bathrooms":["1"],"fave_property_garage":["1"],"fave_property_garage_size":["0"],"fave_virtual_tour":[""],"fave_property_year":[""],"fave_property_id":[""],"fave_video_url":[""],"fave_property_zip":["111511"],"additional_features":[""],"floor_plans":["a:1:{i:0;a:8:{s:15:\"fave_plan_title\";s:0:\"\";s:15:\"fave_plan_rooms\";s:0:\"\";s:19:\"fave_plan_bathrooms\";s:0:\"\";s:15:\"fave_plan_price\";s:0:\"\";s:23:\"fave_plan_price_postfix\";s:0:\"\";s:14:\"fave_plan_size\";s:0:\"\";s:15:\"fave_plan_image\";s:0:\"\";s:21:\"fave_plan_description\";s:0:\"\";}}"],"fave_multi_units":["a:1:{i:0;a:9:{s:13:\"fave_mu_title\";s:0:\"\";s:12:\"fave_mu_beds\";s:0:\"\";s:13:\"fave_mu_baths\";s:0:\"\";s:12:\"fave_mu_size\";s:0:\"\";s:20:\"fave_mu_size_postfix\";s:0:\"\";s:13:\"fave_mu_price\";s:0:\"\";s:21:\"fave_mu_price_postfix\";s:0:\"\";s:12:\"fave_mu_type\";s:0:\"\";s:25:\"fave_mu_availability_date\";s:0:\"\";}}"],"fave_featured":["0"],"houzez_featured_listing_date":[""],"fave_loggedintoview":["0"],"fave_mortgage_cal":["0"],"fave_private_note":[""],"fave_property_disclaimer":[""],"fave_payment_status":["not_paid"],"fave_agent_display_option":["agent_info"],"fave_property_map_address":["Restrepo, UPZ Restrepo, Localidad Antonio Nari\u00f1o, Bogot\u00e1, Bogot\u00e1, Distrito Capital, RAP (Especial) Central, 111511, Colombia"],"fave_property_address":["Restrepo, UPZ Restrepo, Localidad Antonio Nari\u00f1o, Bogot\u00e1, Bogot\u00e1, Distrito Capital, RAP (Especial) Central, 111511, Colombia"],"houzez_geolocation_lat":["4.5854102"],"houzez_geolocation_long":["-74.1012769"],"fave_property_location":["4.5854102,-74.1012769"],"fave_property_map":["1"],"fave_property_map_street_view":[""],"houzez_total_property_views":["57"],"houzez_views_by_date":["a:45:{s:10:\"07-31-2025\";i:3;s:10:\"08-06-2025\";i:1;s:10:\"08-14-2025\";i:1;s:10:\"08-22-2025\";i:1;s:10:\"08-28-2025\";i:7;s:10:\"09-09-2025\";i:1;s:10:\"09-11-2025\";i:1;s:10:\"09-19-2025\";i:1;s:10:\"09-22-2025\";i:1;s:10:\"09-29-2025\";i:2;s:10:\"10-01-2025\";i:2;s:10:\"10-07-2025\";i:1;s:10:\"10-11-2025\";i:1;s:10:\"10-16-2025\";i:1;s:10:\"10-22-2025\";i:1;s:10:\"10-24-2025\";i:1;s:10:\"10-26-2025\";i:1;s:10:\"10-29-2025\";i:1;s:10:\"11-06-2025\";i:1;s:10:\"11-11-2025\";i:1;s:10:\"11-13-2025\";i:1;s:10:\"11-16-2025\";i:1;s:10:\"11-23-2025\";i:1;s:10:\"12-02-2025\";i:1;s:10:\"12-03-2025\";i:1;s:10:\"12-05-2025\";i:1;s:10:\"12-13-2025\";i:1;s:10:\"12-16-2025\";i:1;s:10:\"12-25-2025\";i:1;s:10:\"01-05-2026\";i:1;s:10:\"01-06-2026\";i:1;s:10:\"01-09-2026\";i:1;s:10:\"01-13-2026\";i:2;s:10:\"01-31-2026\";i:1;s:10:\"02-17-2026\";i:1;s:10:\"02-24-2026\";i:1;s:10:\"03-02-2026\";i:1;s:10:\"03-06-2026\";i:2;s:10:\"03-09-2026\";i:1;s:10:\"03-17-2026\";i:1;s:10:\"03-26-2026\";i:1;s:10:\"04-01-2026\";i:1;s:10:\"04-10-2026\";i:1;s:10:\"04-14-2026\";i:1;s:10:\"04-28-2026\";i:1;}"],"houzez_recently_viewed":["2026-04-28 13:23:32"],"fave_property_images":["18570","18283","18284","18285","18286","18287","18288","18289","18290","18292","18293","18294","18295"],"_thumbnail_id":["18283"],"fave_agents":["156"],"_elementor_page_assets":["a:0:{}"]},"_links":{"self":[{"href":"https:\/\/www.hurtadogrupoinmobiliario.com\/index.php?rest_route=\/wp\/v2\/properties\/18296","targetHints":{"allow":["GET"]}}],"collection":[{"href":"https:\/\/www.hurtadogrupoinmobiliario.com\/index.php?rest_route=\/wp\/v2\/properties"}],"about":[{"href":"https:\/\/www.hurtadogrupoinmobiliario.com\/index.php?rest_route=\/wp\/v2\/types\/property"}],"author":[{"embeddable":true,"href":"https:\/\/www.hurtadogrupoinmobiliario.com\/index.php?rest_route=\/wp\/v2\/users\/2"}],"version-history":[{"count":2,"href":"https:\/\/www.hurtadogrupoinmobiliario.com\/index.php?rest_route=\/wp\/v2\/properties\/18296\/revisions"}],"predecessor-version":[{"id":18480,"href":"https:\/\/www.hurtadogrupoinmobiliario.com\/index.php?rest_route=\/wp\/v2\/properties\/18296\/revisions\/18480"}],"wp:featuredmedia":[{"embeddable":true,"href":"https:\/\/www.hurtadogrupoinmobiliario.com\/index.php?rest_route=\/wp\/v2\/media\/18283"}],"wp:attachment":[{"href":"https:\/\/www.hurtadogrupoinmobiliario.com\/index.php?rest_route=%2Fwp%2Fv2%2Fmedia&parent=18296"}],"wp:term":[{"taxonomy":"property_type","embeddable":true,"href":"https:\/\/www.hurtadogrupoinmobiliario.com\/index.php?rest_route=%2Fwp%2Fv2%2Fproperty_type&post=18296"},{"taxonomy":"property_status","embeddable":true,"href":"https:\/\/www.hurtadogrupoinmobiliario.com\/index.php?rest_route=%2Fwp%2Fv2%2Fproperty_status&post=18296"},{"taxonomy":"property_feature","embeddable":true,"href":"https:\/\/www.hurtadogrupoinmobiliario.com\/index.php?rest_route=%2Fwp%2Fv2%2Fproperty_feature&post=18296"},{"taxonomy":"property_label","embeddable":true,"href":"https:\/\/www.hurtadogrupoinmobiliario.com\/index.php?rest_route=%2Fwp%2Fv2%2Fproperty_label&post=18296"},{"taxonomy":"property_city","embeddable":true,"href":"https:\/\/www.hurtadogrupoinmobiliario.com\/index.php?rest_route=%2Fwp%2Fv2%2Fproperty_city&post=18296"}],"curies":[{"name":"wp","href":"https:\/\/api.w.org\/{rel}","templated":true}]}}

<div class="x14z9mp xat24cr x1lziwak x1vvkbs xtlvy1s x126k92a">
<div dir="auto">Apartamento ubicado en el barrio la Fragua</div>
<div dir="auto">Primer piso, vista interior</div>
<div dir="auto">Apartamento totalmente terminado listo para estrenar</div>
<div dir="auto">Consta de:</div>
<div dir="auto">Dos habitaciones, Cada una con closet.</div>
<div dir="auto">Cocina integral</div>
<div dir="auto">Sala comedor</div>
<div dir="auto">Un baño</div>
<div dir="auto">El edificio cuenta con garaje para moto</div>
</div>
<div class="x14z9mp xat24cr x1lziwak x1vvkbs xtlvy1s x126k92a">
<div dir="auto">Ubicado cerca a la Carrera 27, Calle 17 sur, Avenida 1ro de Mayo, Av Carrera 30. Barrio Restrepo.</div>
</div>

<p>Apartamento ubicado en el barrio la Fragua Primer piso, vista interior Apartamento totalmente terminado listo para estrenar Consta de: Dos habitaciones, Cada una con closet. Cocina integral Sala comedor Un baño El edificio cuenta con garaje para moto Ubicado cerca a la Carrera 27, Calle 17 sur, Avenida 1ro de Mayo, Av Carrera 30. Barrio [&hellip;]</p>

Restrepo, UPZ Restrepo, Localidad Antonio Nariño, Bogotá, Bogotá, Distrito Capital, RAP (Especial) Central, 111511, Colombia
