{"id":18310,"date":"2025-07-31T17:40:46","date_gmt":"2025-07-31T17:40:46","guid":{"rendered":"https:\/\/www.hurtadogrupoinmobiliario.com\/?property=apartamento-en-arriendo-chapinero"},"modified":"2025-10-07T18:49:34","modified_gmt":"2025-10-07T18:49:34","slug":"apartamento-en-arriendo-chapinero","status":"publish","type":"property","link":"https:\/\/www.hurtadogrupoinmobiliario.com\/?property=apartamento-en-arriendo-chapinero","title":{"rendered":"\ud83d\udca5\ud835\udc00\ud835\udc0f\ud835\udc00\ud835\udc11\ud835\udc13\ud835\udc00\ud835\udc0c\ud835\udc04\ud835\udc0d\ud835\udc13\ud835\udc0e \ud835\udc04\ud835\udc0d \ud835\udc00\ud835\udc11\ud835\udc11\ud835\udc08\ud835\udc04\ud835\udc0d\ud835\udc03\ud835\udc0e \ud83d\udca5- Chapinero"},"content":{"rendered":"<div dir=\"auto\">ARRENDADO<\/div>\n<div dir=\"auto\">Ubicado en chapinero. Bogot\u00e1 D.C.<\/div>\n<div dir=\"auto\">Es un segundo piso<\/div>\n<div dir=\"auto\">Consta de :Tres habitaciones, cada una con closet,\u00a0 Dos ba\u00f1os, Sala comedor, Cocina integral, Zona de lavado independiente, Parqueadero cubierto para un veh\u00edculo.<\/div>\n<div dir=\"auto\">Ubicado cerca a universidades, estaci\u00f3n de trasmilenio de las flores, apartamento super amplio<\/div>\n","protected":false},"excerpt":{"rendered":"<p>ARRENDADO Ubicado en chapinero. Bogot\u00e1 D.C. Es un segundo piso Consta de :Tres habitaciones, cada una con closet,\u00a0 Dos ba\u00f1os, Sala comedor, Cocina integral, Zona de lavado independiente, Parqueadero cubierto para un veh\u00edculo. Ubicado cerca a universidades, estaci\u00f3n de trasmilenio de las flores, apartamento super amplio<\/p>\n","protected":false},"author":2,"featured_media":18309,"parent":0,"menu_order":0,"template":"","property_type":[88],"property_status":[86],"property_feature":[],"property_label":[96],"property_city":[97],"class_list":["post-18310","property","type-property","status-publish","has-post-thumbnail","hentry","property_type-apartamento","property_status-en-alquiler","property_label-destacado","property_city-bogota"],"property_meta":{"fave_property_price":["1750000"],"fave_property_price_postfix":["mensual"],"fave_show_price_placeholder":["0"],"fave_property_price_placeholder":[""],"fave_property_price_prefix":[""],"fave_property_sec_price":[""],"fave_property_size":["68"],"fave_property_size_prefix":["m2"],"fave_property_land":["68"],"fave_property_land_postfix":["m2"],"fave_property_bedrooms":["3"],"fave_property_bathrooms":["2"],"fave_property_garage":["1"],"fave_property_garage_size":[""],"fave_virtual_tour":[""],"fave_property_year":[""],"fave_property_id":[""],"fave_video_url":[""],"fave_property_zip":["111221"],"additional_features":["a:1:{i:0;a:2:{s:29:\"fave_additional_feature_title\";s:0:\"\";s:29:\"fave_additional_feature_value\";s:0:\"\";}}"],"fave_additional_features_enable":["enable"],"floor_plans":["a:1:{i:0;a:8:{s:15:\"fave_plan_title\";s:0:\"\";s:15:\"fave_plan_rooms\";s:0:\"\";s:19:\"fave_plan_bathrooms\";s:0:\"\";s:15:\"fave_plan_price\";s:0:\"\";s:23:\"fave_plan_price_postfix\";s:0:\"\";s:14:\"fave_plan_size\";s:0:\"\";s:15:\"fave_plan_image\";s:0:\"\";s:21:\"fave_plan_description\";s:0:\"\";}}"],"fave_multi_units":["a:1:{i:0;a:9:{s:13:\"fave_mu_title\";s:0:\"\";s:12:\"fave_mu_beds\";s:0:\"\";s:13:\"fave_mu_baths\";s:0:\"\";s:12:\"fave_mu_size\";s:0:\"\";s:20:\"fave_mu_size_postfix\";s:0:\"\";s:13:\"fave_mu_price\";s:0:\"\";s:21:\"fave_mu_price_postfix\";s:0:\"\";s:12:\"fave_mu_type\";s:0:\"\";s:25:\"fave_mu_availability_date\";s:0:\"\";}}"],"fave_featured":["0"],"houzez_featured_listing_date":[""],"fave_loggedintoview":["0"],"fave_mortgage_cal":["0"],"fave_private_note":[""],"fave_property_disclaimer":[""],"fave_payment_status":["not_paid"],"fave_agent_display_option":["agent_info"],"fave_property_map_address":["Calle 66, 7 de Agosto, UPZs Localidad Barrios Unidos, Localidad Barrios Unidos, Bogot\u00e1, Bogot\u00e1, Distrito Capital, RAP (Especial) Central, 111221, Colombia"],"fave_property_address":["Calle 66, 7 de Agosto, UPZs Localidad Barrios Unidos, Localidad Barrios Unidos, Bogot\u00e1, Bogot\u00e1, Distrito Capital, RAP (Especial) Central, 111221, Colombia"],"houzez_geolocation_lat":["4.6612501"],"houzez_geolocation_long":["-74.0763018"],"fave_property_location":["4.6612501,-74.0763018"],"fave_property_map":["1"],"fave_property_map_street_view":[""],"houzez_total_property_views":["44"],"houzez_views_by_date":["a:40:{s:10:\"07-31-2025\";i:1;s:10:\"08-01-2025\";i:1;s:10:\"08-06-2025\";i:1;s:10:\"08-07-2025\";i:1;s:10:\"08-13-2025\";i:2;s:10:\"08-21-2025\";i:1;s:10:\"08-28-2025\";i:1;s:10:\"09-14-2025\";i:1;s:10:\"09-22-2025\";i:2;s:10:\"09-29-2025\";i:1;s:10:\"10-01-2025\";i:1;s:10:\"10-07-2025\";i:1;s:10:\"10-11-2025\";i:1;s:10:\"10-16-2025\";i:1;s:10:\"10-22-2025\";i:2;s:10:\"10-27-2025\";i:1;s:10:\"10-29-2025\";i:1;s:10:\"11-03-2025\";i:1;s:10:\"11-09-2025\";i:1;s:10:\"11-13-2025\";i:1;s:10:\"11-18-2025\";i:1;s:10:\"11-25-2025\";i:1;s:10:\"12-02-2025\";i:1;s:10:\"12-06-2025\";i:1;s:10:\"12-15-2025\";i:1;s:10:\"12-16-2025\";i:1;s:10:\"01-05-2026\";i:1;s:10:\"01-09-2026\";i:1;s:10:\"01-15-2026\";i:2;s:10:\"01-22-2026\";i:1;s:10:\"01-25-2026\";i:1;s:10:\"01-30-2026\";i:1;s:10:\"02-16-2026\";i:1;s:10:\"02-24-2026\";i:1;s:10:\"03-02-2026\";i:1;s:10:\"03-13-2026\";i:1;s:10:\"03-21-2026\";i:1;s:10:\"03-28-2026\";i:1;s:10:\"04-21-2026\";i:1;s:10:\"04-28-2026\";i:1;}"],"houzez_recently_viewed":["2026-04-28 13:23:24"],"fave_property_images":["18363","18309","18297","18298","18299","18300","18301","18302","18303","18304","18305","18306","18307","18308"],"_thumbnail_id":["18309"],"fave_agents":["156"],"_elementor_page_assets":["a:0:{}"]},"_links":{"self":[{"href":"https:\/\/www.hurtadogrupoinmobiliario.com\/index.php?rest_route=\/wp\/v2\/properties\/18310","targetHints":{"allow":["GET"]}}],"collection":[{"href":"https:\/\/www.hurtadogrupoinmobiliario.com\/index.php?rest_route=\/wp\/v2\/properties"}],"about":[{"href":"https:\/\/www.hurtadogrupoinmobiliario.com\/index.php?rest_route=\/wp\/v2\/types\/property"}],"author":[{"embeddable":true,"href":"https:\/\/www.hurtadogrupoinmobiliario.com\/index.php?rest_route=\/wp\/v2\/users\/2"}],"version-history":[{"count":3,"href":"https:\/\/www.hurtadogrupoinmobiliario.com\/index.php?rest_route=\/wp\/v2\/properties\/18310\/revisions"}],"predecessor-version":[{"id":18364,"href":"https:\/\/www.hurtadogrupoinmobiliario.com\/index.php?rest_route=\/wp\/v2\/properties\/18310\/revisions\/18364"}],"wp:featuredmedia":[{"embeddable":true,"href":"https:\/\/www.hurtadogrupoinmobiliario.com\/index.php?rest_route=\/wp\/v2\/media\/18309"}],"wp:attachment":[{"href":"https:\/\/www.hurtadogrupoinmobiliario.com\/index.php?rest_route=%2Fwp%2Fv2%2Fmedia&parent=18310"}],"wp:term":[{"taxonomy":"property_type","embeddable":true,"href":"https:\/\/www.hurtadogrupoinmobiliario.com\/index.php?rest_route=%2Fwp%2Fv2%2Fproperty_type&post=18310"},{"taxonomy":"property_status","embeddable":true,"href":"https:\/\/www.hurtadogrupoinmobiliario.com\/index.php?rest_route=%2Fwp%2Fv2%2Fproperty_status&post=18310"},{"taxonomy":"property_feature","embeddable":true,"href":"https:\/\/www.hurtadogrupoinmobiliario.com\/index.php?rest_route=%2Fwp%2Fv2%2Fproperty_feature&post=18310"},{"taxonomy":"property_label","embeddable":true,"href":"https:\/\/www.hurtadogrupoinmobiliario.com\/index.php?rest_route=%2Fwp%2Fv2%2Fproperty_label&post=18310"},{"taxonomy":"property_city","embeddable":true,"href":"https:\/\/www.hurtadogrupoinmobiliario.com\/index.php?rest_route=%2Fwp%2Fv2%2Fproperty_city&post=18310"}],"curies":[{"name":"wp","href":"https:\/\/api.w.org\/{rel}","templated":true}]}}

💥𝐀𝐏𝐀𝐑𝐓𝐀𝐌𝐄𝐍𝐓𝐎 𝐄𝐍 𝐀𝐑𝐑𝐈𝐄𝐍𝐃𝐎 💥- Chapinero

<div dir="auto">ARRENDADO</div>
<div dir="auto">Ubicado en chapinero. Bogotá D.C.</div>
<div dir="auto">Es un segundo piso</div>
<div dir="auto">Consta de :Tres habitaciones, cada una con closet,  Dos baños, Sala comedor, Cocina integral, Zona de lavado independiente, Parqueadero cubierto para un vehículo.</div>
<div dir="auto">Ubicado cerca a universidades, estación de trasmilenio de las flores, apartamento super amplio</div>

<p>ARRENDADO Ubicado en chapinero. Bogotá D.C. Es un segundo piso Consta de :Tres habitaciones, cada una con closet,  Dos baños, Sala comedor, Cocina integral, Zona de lavado independiente, Parqueadero cubierto para un vehículo. Ubicado cerca a universidades, estación de trasmilenio de las flores, apartamento super amplio</p>

Calle 66, 7 de Agosto, UPZs Localidad Barrios Unidos, Localidad Barrios Unidos, Bogotá, Bogotá, Distrito Capital, RAP (Especial) Central, 111221, Colombia
