{"id":18361,"date":"2025-07-31T18:54:40","date_gmt":"2025-07-31T18:54:40","guid":{"rendered":"https:\/\/www.hurtadogrupoinmobiliario.com\/?property=oficina-en-venta-centro-de-bogota"},"modified":"2025-07-31T18:54:40","modified_gmt":"2025-07-31T18:54:40","slug":"oficina-en-venta-centro-de-bogota","status":"publish","type":"property","link":"https:\/\/www.hurtadogrupoinmobiliario.com\/?property=oficina-en-venta-centro-de-bogota","title":{"rendered":"OFICINA EN VENTA-Centro de Bogot\u00e1"},"content":{"rendered":"<div class=\"xdj266r x14z9mp xat24cr x1lziwak x1vvkbs x126k92a\">\n<div dir=\"auto\">Ubicada en el edificio Andes, carrera octava con avenida Jim\u00e9nez, localidad de la candelaria, Bogot\u00e1<span class=\"html-span xexx8yu xyri2b x18d9i69 x1c1uobl x1hl2dhg x16tdsg8 x1vvkbs x3nfvp2 x1j61x8r x1fcty0u xdj266r xat24cr xm2jcoa x1mpyi22 xxymvpz xlup9mm x1kky2od\"><img decoding=\"async\" class=\"xz74otr x15mokao x1ga7v0g x16uus16 xbiv7yw\" src=\"https:\/\/static.xx.fbcdn.net\/images\/emoji.php\/v9\/t2d\/1\/16\/1f4cd.png\" alt=\"\ud83d\udccd\" width=\"16\" height=\"16\" \/><\/span><\/div>\n<\/div>\n<div class=\"x14z9mp xat24cr x1lziwak x1vvkbs xtlvy1s x126k92a\">\n<div dir=\"auto\"><span class=\"html-span xexx8yu xyri2b x18d9i69 x1c1uobl x1hl2dhg x16tdsg8 x1vvkbs x3nfvp2 x1j61x8r x1fcty0u xdj266r xat24cr xm2jcoa x1mpyi22 xxymvpz xlup9mm x1kky2od\"><img decoding=\"async\" class=\"xz74otr x15mokao x1ga7v0g x16uus16 xbiv7yw\" src=\"https:\/\/static.xx.fbcdn.net\/images\/emoji.php\/v9\/t2f\/1\/16\/1f4cf.png\" alt=\"\ud83d\udccf\" width=\"16\" height=\"16\" \/><\/span>Tiene un \u00e1rea de 36 metros cuadrados, situada en el quinto piso del edificio.<\/div>\n<div dir=\"auto\"><span class=\"html-span xexx8yu xyri2b x18d9i69 x1c1uobl x1hl2dhg x16tdsg8 x1vvkbs x3nfvp2 x1j61x8r x1fcty0u xdj266r xat24cr xm2jcoa x1mpyi22 xxymvpz xlup9mm x1kky2od\"><img decoding=\"async\" class=\"xz74otr x15mokao x1ga7v0g x16uus16 xbiv7yw\" src=\"https:\/\/static.xx.fbcdn.net\/images\/emoji.php\/v9\/t49\/1\/16\/1f4da.png\" alt=\"\ud83d\udcda\" width=\"16\" height=\"16\" \/><\/span>Distribuci\u00f3n:<\/div>\n<div dir=\"auto\">3 cub\u00edculos con divisiones en vidrio<\/div>\n<div dir=\"auto\">2 puestos de trabajo abiertos<\/div>\n<div dir=\"auto\">excelentes acabados y ubicaci\u00f3n<\/div>\n<div dir=\"auto\"><span class=\"html-span xexx8yu xyri2b x18d9i69 x1c1uobl x1hl2dhg x16tdsg8 x1vvkbs x3nfvp2 x1j61x8r x1fcty0u xdj266r xat24cr xm2jcoa x1mpyi22 xxymvpz xlup9mm x1kky2od\"><img loading=\"lazy\" decoding=\"async\" class=\"xz74otr x15mokao x1ga7v0g x16uus16 xbiv7yw\" src=\"https:\/\/static.xx.fbcdn.net\/images\/emoji.php\/v9\/tf8\/1\/16\/1f3e2.png\" alt=\"\ud83c\udfe2\" width=\"16\" height=\"16\" \/><\/span>CARACTERISTICAS DEL EDIFICIO:<\/div>\n<div dir=\"auto\">2 ascensores<\/div>\n<div dir=\"auto\">Recepci\u00f3n 24\/7<\/div>\n<div dir=\"auto\">cocina<\/div>\n<div dir=\"auto\">Bicicletero<\/div>\n<\/div>\n<div class=\"x14z9mp xat24cr x1lziwak x1vvkbs xtlvy1s x126k92a\">\n<div dir=\"auto\"><\/div>\n<\/div>\n","protected":false},"excerpt":{"rendered":"<p>Ubicada en el edificio Andes, carrera octava con avenida Jim\u00e9nez, localidad de la candelaria, Bogot\u00e1 Tiene un \u00e1rea de 36 metros cuadrados, situada en el quinto piso del edificio. Distribuci\u00f3n: 3 cub\u00edculos con divisiones en vidrio 2 puestos de trabajo abiertos excelentes acabados y ubicaci\u00f3n CARACTERISTICAS DEL EDIFICIO: 2 ascensores Recepci\u00f3n 24\/7 cocina Bicicletero<\/p>\n","protected":false},"author":2,"featured_media":18360,"parent":0,"menu_order":0,"template":"","property_type":[87],"property_status":[85],"property_feature":[],"property_label":[],"property_city":[97],"class_list":["post-18361","property","type-property","status-publish","has-post-thumbnail","hentry","property_type-oficina","property_status-en-venta","property_city-bogota"],"property_meta":{"fave_property_price":["125000000"],"fave_property_price_postfix":[""],"fave_show_price_placeholder":["0"],"fave_property_price_placeholder":[""],"fave_property_price_prefix":[""],"fave_property_sec_price":[""],"fave_property_size":["36"],"fave_property_size_prefix":["m2"],"fave_property_land":[""],"fave_property_land_postfix":["m2"],"fave_property_bedrooms":[""],"fave_property_bathrooms":[""],"fave_property_garage":["1"],"fave_property_garage_size":[""],"fave_virtual_tour":[""],"fave_property_year":[""],"fave_property_id":[""],"fave_video_url":[""],"fave_property_images":["18360","18353","18354","18355","18356","18357","18358","18359"],"_thumbnail_id":["18360"],"fave_property_zip":["110311"],"additional_features":["a:2:{i:0;a:2:{s:29:\"fave_additional_feature_title\";s:11:\"escritorios\";s:29:\"fave_additional_feature_value\";s:0:\"\";}i:1;a:2:{s:29:\"fave_additional_feature_title\";s:15:\"zona de trabajo\";s:29:\"fave_additional_feature_value\";s:0:\"\";}}"],"fave_additional_features_enable":["enable"],"floor_plans":["a:1:{i:0;a:8:{s:15:\"fave_plan_title\";s:0:\"\";s:15:\"fave_plan_rooms\";s:0:\"\";s:19:\"fave_plan_bathrooms\";s:0:\"\";s:15:\"fave_plan_price\";s:0:\"\";s:23:\"fave_plan_price_postfix\";s:0:\"\";s:14:\"fave_plan_size\";s:0:\"\";s:15:\"fave_plan_image\";s:0:\"\";s:21:\"fave_plan_description\";s:0:\"\";}}"],"fave_multi_units":["a:1:{i:0;a:9:{s:13:\"fave_mu_title\";s:0:\"\";s:12:\"fave_mu_beds\";s:0:\"\";s:13:\"fave_mu_baths\";s:0:\"\";s:12:\"fave_mu_size\";s:0:\"\";s:20:\"fave_mu_size_postfix\";s:0:\"\";s:13:\"fave_mu_price\";s:0:\"\";s:21:\"fave_mu_price_postfix\";s:0:\"\";s:12:\"fave_mu_type\";s:0:\"\";s:25:\"fave_mu_availability_date\";s:0:\"\";}}"],"fave_featured":["0"],"houzez_featured_listing_date":[""],"fave_loggedintoview":["0"],"fave_mortgage_cal":["0"],"fave_private_note":[""],"fave_property_disclaimer":[""],"fave_payment_status":["not_paid"],"fave_agent_display_option":["author_info"],"fave_property_map_address":["Carrera 8, La Veracruz, UPZ Las Nieves, Localidad Santa F\u00e9, Bogot\u00e1, Bogot\u00e1, Distrito Capital, RAP (Especial) Central, 110311, Colombia"],"fave_property_address":["Carrera 8, La Veracruz, UPZ Las Nieves, Localidad Santa F\u00e9, Bogot\u00e1, Bogot\u00e1, Distrito Capital, RAP (Especial) Central, 110311, Colombia"],"houzez_geolocation_lat":["4.602091587558756"],"houzez_geolocation_long":["-74.07459025440913"],"fave_property_location":["4.602091587558756,-74.07459025440913"],"fave_property_map":["1"],"fave_property_map_street_view":[""],"houzez_total_property_views":["39"],"houzez_views_by_date":["a:38:{s:10:\"07-31-2025\";i:1;s:10:\"08-01-2025\";i:1;s:10:\"08-07-2025\";i:1;s:10:\"08-21-2025\";i:1;s:10:\"08-28-2025\";i:1;s:10:\"09-05-2025\";i:1;s:10:\"09-09-2025\";i:1;s:10:\"09-10-2025\";i:1;s:10:\"09-19-2025\";i:1;s:10:\"09-22-2025\";i:1;s:10:\"09-29-2025\";i:1;s:10:\"10-01-2025\";i:1;s:10:\"10-08-2025\";i:1;s:10:\"10-16-2025\";i:1;s:10:\"10-22-2025\";i:1;s:10:\"10-24-2025\";i:1;s:10:\"10-27-2025\";i:1;s:10:\"10-29-2025\";i:1;s:10:\"11-03-2025\";i:1;s:10:\"11-09-2025\";i:1;s:10:\"11-13-2025\";i:1;s:10:\"11-18-2025\";i:1;s:10:\"12-02-2025\";i:2;s:10:\"12-07-2025\";i:1;s:10:\"12-17-2025\";i:1;s:10:\"01-06-2026\";i:1;s:10:\"01-09-2026\";i:1;s:10:\"01-15-2026\";i:1;s:10:\"01-24-2026\";i:1;s:10:\"02-03-2026\";i:1;s:10:\"02-05-2026\";i:1;s:10:\"02-20-2026\";i:1;s:10:\"02-24-2026\";i:1;s:10:\"03-03-2026\";i:1;s:10:\"03-12-2026\";i:1;s:10:\"03-21-2026\";i:1;s:10:\"04-14-2026\";i:1;s:10:\"04-27-2026\";i:1;}"],"houzez_recently_viewed":["2026-04-27 16:15:19"],"_elementor_page_assets":["a:0:{}"]},"_links":{"self":[{"href":"https:\/\/www.hurtadogrupoinmobiliario.com\/index.php?rest_route=\/wp\/v2\/properties\/18361","targetHints":{"allow":["GET"]}}],"collection":[{"href":"https:\/\/www.hurtadogrupoinmobiliario.com\/index.php?rest_route=\/wp\/v2\/properties"}],"about":[{"href":"https:\/\/www.hurtadogrupoinmobiliario.com\/index.php?rest_route=\/wp\/v2\/types\/property"}],"author":[{"embeddable":true,"href":"https:\/\/www.hurtadogrupoinmobiliario.com\/index.php?rest_route=\/wp\/v2\/users\/2"}],"version-history":[{"count":0,"href":"https:\/\/www.hurtadogrupoinmobiliario.com\/index.php?rest_route=\/wp\/v2\/properties\/18361\/revisions"}],"wp:featuredmedia":[{"embeddable":true,"href":"https:\/\/www.hurtadogrupoinmobiliario.com\/index.php?rest_route=\/wp\/v2\/media\/18360"}],"wp:attachment":[{"href":"https:\/\/www.hurtadogrupoinmobiliario.com\/index.php?rest_route=%2Fwp%2Fv2%2Fmedia&parent=18361"}],"wp:term":[{"taxonomy":"property_type","embeddable":true,"href":"https:\/\/www.hurtadogrupoinmobiliario.com\/index.php?rest_route=%2Fwp%2Fv2%2Fproperty_type&post=18361"},{"taxonomy":"property_status","embeddable":true,"href":"https:\/\/www.hurtadogrupoinmobiliario.com\/index.php?rest_route=%2Fwp%2Fv2%2Fproperty_status&post=18361"},{"taxonomy":"property_feature","embeddable":true,"href":"https:\/\/www.hurtadogrupoinmobiliario.com\/index.php?rest_route=%2Fwp%2Fv2%2Fproperty_feature&post=18361"},{"taxonomy":"property_label","embeddable":true,"href":"https:\/\/www.hurtadogrupoinmobiliario.com\/index.php?rest_route=%2Fwp%2Fv2%2Fproperty_label&post=18361"},{"taxonomy":"property_city","embeddable":true,"href":"https:\/\/www.hurtadogrupoinmobiliario.com\/index.php?rest_route=%2Fwp%2Fv2%2Fproperty_city&post=18361"}],"curies":[{"name":"wp","href":"https:\/\/api.w.org\/{rel}","templated":true}]}}

OFICINA EN VENTA-Centro de Bogotá

<div class="xdj266r x14z9mp xat24cr x1lziwak x1vvkbs x126k92a">
<div dir="auto">Ubicada en el edificio Andes, carrera octava con avenida Jiménez, localidad de la candelaria, Bogotá<span class="html-span xexx8yu xyri2b x18d9i69 x1c1uobl x1hl2dhg x16tdsg8 x1vvkbs x3nfvp2 x1j61x8r x1fcty0u xdj266r xat24cr xm2jcoa x1mpyi22 xxymvpz xlup9mm x1kky2od"><img decoding="async" class="xz74otr x15mokao x1ga7v0g x16uus16 xbiv7yw" src="https://static.xx.fbcdn.net/images/emoji.php/v9/t2d/1/16/1f4cd.png" alt="📍" width="16" height="16" /></span></div>
</div>
<div class="x14z9mp xat24cr x1lziwak x1vvkbs xtlvy1s x126k92a">
<div dir="auto"><span class="html-span xexx8yu xyri2b x18d9i69 x1c1uobl x1hl2dhg x16tdsg8 x1vvkbs x3nfvp2 x1j61x8r x1fcty0u xdj266r xat24cr xm2jcoa x1mpyi22 xxymvpz xlup9mm x1kky2od"><img decoding="async" class="xz74otr x15mokao x1ga7v0g x16uus16 xbiv7yw" src="https://static.xx.fbcdn.net/images/emoji.php/v9/t2f/1/16/1f4cf.png" alt="📏" width="16" height="16" /></span>Tiene un área de 36 metros cuadrados, situada en el quinto piso del edificio.</div>
<div dir="auto"><span class="html-span xexx8yu xyri2b x18d9i69 x1c1uobl x1hl2dhg x16tdsg8 x1vvkbs x3nfvp2 x1j61x8r x1fcty0u xdj266r xat24cr xm2jcoa x1mpyi22 xxymvpz xlup9mm x1kky2od"><img decoding="async" class="xz74otr x15mokao x1ga7v0g x16uus16 xbiv7yw" src="https://static.xx.fbcdn.net/images/emoji.php/v9/t49/1/16/1f4da.png" alt="📚" width="16" height="16" /></span>Distribución:</div>
<div dir="auto">3 cubículos con divisiones en vidrio</div>
<div dir="auto">2 puestos de trabajo abiertos</div>
<div dir="auto">excelentes acabados y ubicación</div>
<div dir="auto"><span class="html-span xexx8yu xyri2b x18d9i69 x1c1uobl x1hl2dhg x16tdsg8 x1vvkbs x3nfvp2 x1j61x8r x1fcty0u xdj266r xat24cr xm2jcoa x1mpyi22 xxymvpz xlup9mm x1kky2od"><img loading="lazy" decoding="async" class="xz74otr x15mokao x1ga7v0g x16uus16 xbiv7yw" src="https://static.xx.fbcdn.net/images/emoji.php/v9/tf8/1/16/1f3e2.png" alt="🏢" width="16" height="16" /></span>CARACTERISTICAS DEL EDIFICIO:</div>
<div dir="auto">2 ascensores</div>
<div dir="auto">Recepción 24/7</div>
<div dir="auto">cocina</div>
<div dir="auto">Bicicletero</div>
</div>
<div class="x14z9mp xat24cr x1lziwak x1vvkbs xtlvy1s x126k92a">
<div dir="auto"></div>
</div>

<p>Ubicada en el edificio Andes, carrera octava con avenida Jiménez, localidad de la candelaria, Bogotá Tiene un área de 36 metros cuadrados, situada en el quinto piso del edificio. Distribución: 3 cubículos con divisiones en vidrio 2 puestos de trabajo abiertos excelentes acabados y ubicación CARACTERISTICAS DEL EDIFICIO: 2 ascensores Recepción 24/7 cocina Bicicletero</p>

Carrera 8, La Veracruz, UPZ Las Nieves, Localidad Santa Fé, Bogotá, Bogotá, Distrito Capital, RAP (Especial) Central, 110311, Colombia
