{"id":18382,"date":"2025-08-28T16:31:37","date_gmt":"2025-08-28T16:31:37","guid":{"rendered":"https:\/\/www.hurtadogrupoinmobiliario.com\/?property=apartaestudio-en-arriendo"},"modified":"2026-01-20T21:36:14","modified_gmt":"2026-01-20T21:36:14","slug":"apartaestudio-en-arriendo","status":"publish","type":"property","link":"https:\/\/www.hurtadogrupoinmobiliario.com\/?property=apartaestudio-en-arriendo","title":{"rendered":"APARTAESTUDIO EN ARRIENDO"},"content":{"rendered":"<p>Apartaestudio totalmente terminado, listo para estrenar\ud83e\udd29<\/p>\n<p>Ubicado en el conjunto residencial centrik park \ud83d\udccd<br \/>\nCerca de v\u00edas principales de acceso, como calle 13 y frente a la estaci\u00f3n de TransMilenio Zona Industrial.<\/p>\n<p>\u00c1rea de 30 metros cuadrados, Es un piso 12,<br \/>\nHermosa vista hacia los cerros orientales \u26f0<\/p>\n<p>Consta de :<br \/>\n\ud83d\udecc Habitaci\u00f3n principal con closet<br \/>\n\ud83d\udecbSala comedor<br \/>\n\ud83c\udf72Cocina integral<br \/>\n\ud83d\udebfUn Ba\u00f1o<br \/>\n\ud83e\udea3Zona de lavado<\/p>\n","protected":false},"excerpt":{"rendered":"<p>Apartaestudio totalmente terminado, listo para estrenar\ud83e\udd29 Ubicado en el conjunto residencial centrik park \ud83d\udccd Cerca de v\u00edas principales de acceso, como calle 13 y frente a la estaci\u00f3n de TransMilenio Zona Industrial. \u00c1rea de 30 metros cuadrados, Es un piso 12, Hermosa vista hacia los cerros orientales \u26f0 Consta de : \ud83d\udecc Habitaci\u00f3n principal con [&hellip;]<\/p>\n","protected":false},"author":2,"featured_media":18478,"parent":0,"menu_order":0,"template":"","property_type":[],"property_status":[],"property_feature":[107,108],"property_label":[96],"property_city":[97],"class_list":["post-18382","property","type-property","status-publish","has-post-thumbnail","hentry","property_feature-porteria-24-7","property_feature-salon","property_label-destacado","property_city-bogota"],"property_meta":{"fave_property_price":["1300000"],"fave_property_price_postfix":[""],"fave_show_price_placeholder":["0"],"fave_property_price_placeholder":[""],"fave_property_price_prefix":[""],"fave_property_sec_price":[""],"fave_property_size":["30"],"fave_property_size_prefix":["m2"],"fave_property_land":["30"],"fave_property_land_postfix":["m2"],"fave_property_bedrooms":["1"],"fave_property_bathrooms":["1"],"fave_property_garage":["1"],"fave_property_garage_size":["0"],"fave_virtual_tour":[""],"fave_property_year":["2025"],"fave_property_id":[""],"fave_video_url":[""],"fave_property_zip":["111611"],"additional_features":["a:3:{i:0;a:2:{s:29:\"fave_additional_feature_title\";s:15:\"cocina integral\";s:29:\"fave_additional_feature_value\";s:0:\"\";}i:1;a:2:{s:29:\"fave_additional_feature_title\";s:6:\"closet\";s:29:\"fave_additional_feature_value\";s:0:\"\";}i:2;a:2:{s:29:\"fave_additional_feature_title\";s:10:\"calentador\";s:29:\"fave_additional_feature_value\";s:0:\"\";}}"],"fave_additional_features_enable":["enable"],"floor_plans":["a:1:{i:0;a:8:{s:15:\"fave_plan_title\";s:0:\"\";s:15:\"fave_plan_rooms\";s:0:\"\";s:19:\"fave_plan_bathrooms\";s:0:\"\";s:15:\"fave_plan_price\";s:0:\"\";s:23:\"fave_plan_price_postfix\";s:0:\"\";s:14:\"fave_plan_size\";s:0:\"\";s:15:\"fave_plan_image\";s:0:\"\";s:21:\"fave_plan_description\";s:0:\"\";}}"],"fave_multi_units":["a:1:{i:0;a:9:{s:13:\"fave_mu_title\";s:0:\"\";s:12:\"fave_mu_beds\";s:0:\"\";s:13:\"fave_mu_baths\";s:0:\"\";s:12:\"fave_mu_size\";s:0:\"\";s:20:\"fave_mu_size_postfix\";s:0:\"\";s:13:\"fave_mu_price\";s:0:\"\";s:21:\"fave_mu_price_postfix\";s:0:\"\";s:12:\"fave_mu_type\";s:0:\"\";s:25:\"fave_mu_availability_date\";s:0:\"\";}}"],"fave_featured":["0"],"houzez_featured_listing_date":[""],"fave_loggedintoview":["0"],"fave_mortgage_cal":["0"],"fave_private_note":[""],"fave_property_disclaimer":[""],"fave_payment_status":["not_paid"],"fave_agent_display_option":["author_info"],"fave_property_map_address":["Industrial Centenario, UPZs Localidad Puente Aranda, Localidad Puente Aranda, Bogot\u00e1, Bogot\u00e1, Distrito Capital, RAP (Especial) Central, 111611, Colombia"],"fave_property_address":["Industrial Centenario, UPZs Localidad Puente Aranda, Localidad Puente Aranda, Bogot\u00e1, Bogot\u00e1, Distrito Capital, RAP (Especial) Central, 111611, Colombia"],"houzez_geolocation_lat":["4.621212641786701"],"houzez_geolocation_long":["-74.09721522389155"],"fave_property_location":["4.621212641786701,-74.09721522389155"],"fave_property_map":["1"],"fave_property_map_street_view":[""],"houzez_total_property_views":["47"],"houzez_views_by_date":["a:38:{s:10:\"08-28-2025\";i:7;s:10:\"09-16-2025\";i:1;s:10:\"09-22-2025\";i:1;s:10:\"09-29-2025\";i:2;s:10:\"10-01-2025\";i:1;s:10:\"10-09-2025\";i:1;s:10:\"10-16-2025\";i:1;s:10:\"10-23-2025\";i:1;s:10:\"10-26-2025\";i:1;s:10:\"10-27-2025\";i:1;s:10:\"10-28-2025\";i:1;s:10:\"11-03-2025\";i:1;s:10:\"11-09-2025\";i:1;s:10:\"11-13-2025\";i:2;s:10:\"11-18-2025\";i:1;s:10:\"11-25-2025\";i:1;s:10:\"12-02-2025\";i:1;s:10:\"12-04-2025\";i:1;s:10:\"12-11-2025\";i:1;s:10:\"12-14-2025\";i:1;s:10:\"12-16-2025\";i:1;s:10:\"12-24-2025\";i:1;s:10:\"01-09-2026\";i:1;s:10:\"01-14-2026\";i:1;s:10:\"01-15-2026\";i:2;s:10:\"01-27-2026\";i:1;s:10:\"01-31-2026\";i:1;s:10:\"02-12-2026\";i:1;s:10:\"02-19-2026\";i:1;s:10:\"02-24-2026\";i:1;s:10:\"03-05-2026\";i:1;s:10:\"03-09-2026\";i:1;s:10:\"03-19-2026\";i:1;s:10:\"04-01-2026\";i:1;s:10:\"04-11-2026\";i:1;s:10:\"04-16-2026\";i:1;s:10:\"04-21-2026\";i:1;s:10:\"04-27-2026\";i:1;}"],"houzez_recently_viewed":["2026-04-27 08:34:39"],"fave_property_images":["18478","18368","18369","18370","18371","18372","18373","18374","18375","18376","18378","18379","18380","18381"],"_thumbnail_id":["18478"],"_elementor_page_assets":["a:0:{}"]},"_links":{"self":[{"href":"https:\/\/www.hurtadogrupoinmobiliario.com\/index.php?rest_route=\/wp\/v2\/properties\/18382","targetHints":{"allow":["GET"]}}],"collection":[{"href":"https:\/\/www.hurtadogrupoinmobiliario.com\/index.php?rest_route=\/wp\/v2\/properties"}],"about":[{"href":"https:\/\/www.hurtadogrupoinmobiliario.com\/index.php?rest_route=\/wp\/v2\/types\/property"}],"author":[{"embeddable":true,"href":"https:\/\/www.hurtadogrupoinmobiliario.com\/index.php?rest_route=\/wp\/v2\/users\/2"}],"version-history":[{"count":1,"href":"https:\/\/www.hurtadogrupoinmobiliario.com\/index.php?rest_route=\/wp\/v2\/properties\/18382\/revisions"}],"predecessor-version":[{"id":18383,"href":"https:\/\/www.hurtadogrupoinmobiliario.com\/index.php?rest_route=\/wp\/v2\/properties\/18382\/revisions\/18383"}],"wp:featuredmedia":[{"embeddable":true,"href":"https:\/\/www.hurtadogrupoinmobiliario.com\/index.php?rest_route=\/wp\/v2\/media\/18478"}],"wp:attachment":[{"href":"https:\/\/www.hurtadogrupoinmobiliario.com\/index.php?rest_route=%2Fwp%2Fv2%2Fmedia&parent=18382"}],"wp:term":[{"taxonomy":"property_type","embeddable":true,"href":"https:\/\/www.hurtadogrupoinmobiliario.com\/index.php?rest_route=%2Fwp%2Fv2%2Fproperty_type&post=18382"},{"taxonomy":"property_status","embeddable":true,"href":"https:\/\/www.hurtadogrupoinmobiliario.com\/index.php?rest_route=%2Fwp%2Fv2%2Fproperty_status&post=18382"},{"taxonomy":"property_feature","embeddable":true,"href":"https:\/\/www.hurtadogrupoinmobiliario.com\/index.php?rest_route=%2Fwp%2Fv2%2Fproperty_feature&post=18382"},{"taxonomy":"property_label","embeddable":true,"href":"https:\/\/www.hurtadogrupoinmobiliario.com\/index.php?rest_route=%2Fwp%2Fv2%2Fproperty_label&post=18382"},{"taxonomy":"property_city","embeddable":true,"href":"https:\/\/www.hurtadogrupoinmobiliario.com\/index.php?rest_route=%2Fwp%2Fv2%2Fproperty_city&post=18382"}],"curies":[{"name":"wp","href":"https:\/\/api.w.org\/{rel}","templated":true}]}}

<p>Apartaestudio totalmente terminado, listo para estrenar🤩</p>
<p>Ubicado en el conjunto residencial centrik park 📍<br />
Cerca de vías principales de acceso, como calle 13 y frente a la estación de TransMilenio Zona Industrial.</p>
<p>Área de 30 metros cuadrados, Es un piso 12,<br />
Hermosa vista hacia los cerros orientales ⛰</p>
<p>Consta de :<br />
🛌 Habitación principal con closet<br />
🛋Sala comedor<br />
🍲Cocina integral<br />
🚿Un Baño<br />
🪣Zona de lavado</p>

<p>Apartaestudio totalmente terminado, listo para estrenar🤩 Ubicado en el conjunto residencial centrik park 📍 Cerca de vías principales de acceso, como calle 13 y frente a la estación de TransMilenio Zona Industrial. Área de 30 metros cuadrados, Es un piso 12, Hermosa vista hacia los cerros orientales ⛰ Consta de : 🛌 Habitación principal con [&hellip;]</p>

Industrial Centenario, UPZs Localidad Puente Aranda, Localidad Puente Aranda, Bogotá, Bogotá, Distrito Capital, RAP (Especial) Central, 111611, Colombia
