{"id":18421,"date":"2025-09-29T17:39:42","date_gmt":"2025-09-29T17:39:42","guid":{"rendered":"https:\/\/www.hurtadogrupoinmobiliario.com\/?property=apartamento-en-venta"},"modified":"2025-09-29T18:37:05","modified_gmt":"2025-09-29T18:37:05","slug":"apartamento-en-venta","status":"publish","type":"property","link":"https:\/\/www.hurtadogrupoinmobiliario.com\/?property=apartamento-en-venta","title":{"rendered":"APARTAMENTO EN VENTA"},"content":{"rendered":"<div dir=\"auto\">Apartamento ubicado en el sur de la ciudad de Bogot\u00e1.<\/div>\n<div dir=\"auto\">Conjunto residencial Portal de Molinos 3.<span class=\"html-span xexx8yu xyri2b x18d9i69 x1c1uobl x1hl2dhg x16tdsg8 x1vvkbs x3nfvp2 x1j61x8r x1fcty0u xdj266r xat24cr xm2jcoa x1mpyi22 xxymvpz xlup9mm x1kky2od\"><img decoding=\"async\" class=\"xz74otr x15mokao x1ga7v0g x16uus16 xbiv7yw\" src=\"https:\/\/static.xx.fbcdn.net\/images\/emoji.php\/v9\/t2d\/1\/16\/1f4cd.png\" alt=\"\ud83d\udccd\" width=\"16\" height=\"16\" \/><\/span><\/div>\n<div dir=\"auto\">Es un sexto piso, conjunto con ascensor<\/div>\n<div dir=\"auto\"><span class=\"html-span xexx8yu xyri2b x18d9i69 x1c1uobl x1hl2dhg x16tdsg8 x1vvkbs x3nfvp2 x1j61x8r x1fcty0u xdj266r xat24cr xm2jcoa x1mpyi22 xxymvpz xlup9mm x1kky2od\"><img decoding=\"async\" class=\"xz74otr x15mokao x1ga7v0g x16uus16 xbiv7yw\" src=\"https:\/\/static.xx.fbcdn.net\/images\/emoji.php\/v9\/t2f\/1\/16\/1f4cf.png\" alt=\"\ud83d\udccf\" width=\"16\" height=\"16\" \/><\/span>Tiene un \u00e1rea de 45 metros cuadrados<\/div>\n<div dir=\"auto\">Consta de:<\/div>\n<div dir=\"auto\"><span class=\"html-span xexx8yu xyri2b x18d9i69 x1c1uobl x1hl2dhg x16tdsg8 x1vvkbs x3nfvp2 x1j61x8r x1fcty0u xdj266r xat24cr xm2jcoa x1mpyi22 xxymvpz xlup9mm x1kky2od\"><img decoding=\"async\" class=\"xz74otr x15mokao x1ga7v0g x16uus16 xbiv7yw\" src=\"https:\/\/static.xx.fbcdn.net\/images\/emoji.php\/v9\/t2b\/1\/16\/1f6cc_1f3fd.png\" alt=\"\ud83d\udecc\ud83c\udffd\" width=\"16\" height=\"16\" \/><\/span><span class=\"html-span xexx8yu xyri2b x18d9i69 x1c1uobl x1hl2dhg x16tdsg8 x1vvkbs x3nfvp2 x1j61x8r x1fcty0u xdj266r xat24cr xm2jcoa x1mpyi22 xxymvpz xlup9mm x1kky2od\"><img decoding=\"async\" class=\"xz74otr x15mokao x1ga7v0g x16uus16 xbiv7yw\" src=\"https:\/\/static.xx.fbcdn.net\/images\/emoji.php\/v9\/t2b\/1\/16\/1f6cc_1f3fd.png\" alt=\"\ud83d\udecc\ud83c\udffd\" width=\"16\" height=\"16\" \/><\/span><span class=\"html-span xexx8yu xyri2b x18d9i69 x1c1uobl x1hl2dhg x16tdsg8 x1vvkbs x3nfvp2 x1j61x8r x1fcty0u xdj266r xat24cr xm2jcoa x1mpyi22 xxymvpz xlup9mm x1kky2od\"><img decoding=\"async\" class=\"xz74otr x15mokao x1ga7v0g x16uus16 xbiv7yw\" src=\"https:\/\/static.xx.fbcdn.net\/images\/emoji.php\/v9\/t2b\/1\/16\/1f6cc_1f3fd.png\" alt=\"\ud83d\udecc\ud83c\udffd\" width=\"16\" height=\"16\" \/><\/span>3 habitaciones<\/div>\n<div dir=\"auto\"><span class=\"html-span xexx8yu xyri2b x18d9i69 x1c1uobl x1hl2dhg x16tdsg8 x1vvkbs x3nfvp2 x1j61x8r x1fcty0u xdj266r xat24cr xm2jcoa x1mpyi22 xxymvpz xlup9mm x1kky2od\"><img loading=\"lazy\" decoding=\"async\" class=\"xz74otr x15mokao x1ga7v0g x16uus16 xbiv7yw\" src=\"https:\/\/static.xx.fbcdn.net\/images\/emoji.php\/v9\/t10\/1\/16\/1f6bd.png\" alt=\"\ud83d\udebd\" width=\"16\" height=\"16\" \/><\/span>1 ba\u00f1o<\/div>\n<div dir=\"auto\"><span class=\"html-span xexx8yu xyri2b x18d9i69 x1c1uobl x1hl2dhg x16tdsg8 x1vvkbs x3nfvp2 x1j61x8r x1fcty0u xdj266r xat24cr xm2jcoa x1mpyi22 xxymvpz xlup9mm x1kky2od\"><img loading=\"lazy\" decoding=\"async\" class=\"xz74otr x15mokao x1ga7v0g x16uus16 xbiv7yw\" src=\"https:\/\/static.xx.fbcdn.net\/images\/emoji.php\/v9\/tad\/1\/16\/1f6cb.png\" alt=\"\ud83d\udecb\" width=\"16\" height=\"16\" \/><\/span>sala comedor<\/div>\n<div dir=\"auto\"><span class=\"html-span xexx8yu xyri2b x18d9i69 x1c1uobl x1hl2dhg x16tdsg8 x1vvkbs x3nfvp2 x1j61x8r x1fcty0u xdj266r xat24cr xm2jcoa x1mpyi22 xxymvpz xlup9mm x1kky2od\"><img loading=\"lazy\" decoding=\"async\" class=\"xz74otr x15mokao x1ga7v0g x16uus16 xbiv7yw\" src=\"https:\/\/static.xx.fbcdn.net\/images\/emoji.php\/v9\/t68\/1\/16\/1f374.png\" alt=\"\ud83c\udf74\" width=\"16\" height=\"16\" \/><\/span>Cocina integral<\/div>\n<div dir=\"auto\">Parqueadero comunal<\/div>\n","protected":false},"excerpt":{"rendered":"<p>Apartamento ubicado en el sur de la ciudad de Bogot\u00e1. Conjunto residencial Portal de Molinos 3. Es un sexto piso, conjunto con ascensor Tiene un \u00e1rea de 45 metros cuadrados Consta de: 3 habitaciones 1 ba\u00f1o sala comedor Cocina integral Parqueadero comunal<\/p>\n","protected":false},"author":2,"featured_media":18434,"parent":0,"menu_order":0,"template":"","property_type":[88],"property_status":[85],"property_feature":[],"property_label":[96],"property_city":[97],"class_list":["post-18421","property","type-property","status-publish","has-post-thumbnail","hentry","property_type-apartamento","property_status-en-venta","property_label-destacado","property_city-bogota"],"property_meta":{"fave_property_price":["160000000"],"fave_property_price_postfix":[""],"fave_show_price_placeholder":["0"],"fave_property_price_placeholder":[""],"fave_property_price_prefix":[""],"fave_property_sec_price":[""],"fave_property_size":["45"],"fave_property_size_prefix":["M3"],"fave_property_land":[""],"fave_property_land_postfix":["M3"],"fave_property_bedrooms":["3"],"fave_property_bathrooms":["1"],"fave_property_garage":["1"],"fave_property_garage_size":["0"],"fave_virtual_tour":[""],"fave_property_year":["2018"],"fave_property_id":[""],"fave_video_url":[""],"fave_property_zip":["111831"],"additional_features":["a:1:{i:0;a:2:{s:29:\"fave_additional_feature_title\";s:0:\"\";s:29:\"fave_additional_feature_value\";s:0:\"\";}}"],"fave_additional_features_enable":["enable"],"floor_plans":["a:1:{i:0;a:8:{s:15:\"fave_plan_title\";s:0:\"\";s:15:\"fave_plan_rooms\";s:0:\"\";s:19:\"fave_plan_bathrooms\";s:0:\"\";s:15:\"fave_plan_price\";s:0:\"\";s:23:\"fave_plan_price_postfix\";s:0:\"\";s:14:\"fave_plan_size\";s:0:\"\";s:15:\"fave_plan_image\";s:0:\"\";s:21:\"fave_plan_description\";s:0:\"\";}}"],"fave_multi_units":["a:1:{i:0;a:9:{s:13:\"fave_mu_title\";s:0:\"\";s:12:\"fave_mu_beds\";s:0:\"\";s:13:\"fave_mu_baths\";s:0:\"\";s:12:\"fave_mu_size\";s:0:\"\";s:20:\"fave_mu_size_postfix\";s:0:\"\";s:13:\"fave_mu_price\";s:0:\"\";s:21:\"fave_mu_price_postfix\";s:0:\"\";s:12:\"fave_mu_type\";s:0:\"\";s:25:\"fave_mu_availability_date\";s:0:\"\";}}"],"fave_featured":["1"],"houzez_featured_listing_date":["2025-09-29 17:39:42"],"fave_loggedintoview":["0"],"fave_mortgage_cal":["0"],"fave_private_note":[""],"fave_property_disclaimer":[""],"fave_payment_status":["not_paid"],"fave_agent_display_option":["author_info"],"fave_property_map_address":["Molinos del Sur, UPZs Localidad Rafael Uribe Uribe, Localidad Rafael Uribe Uribe, Bogot\u00e1, Bogot\u00e1, Distrito Capital, RAP (Especial) Central, 111831, Colombia"],"fave_property_address":["Molinos del Sur, UPZs Localidad Rafael Uribe Uribe, Localidad Rafael Uribe Uribe, Bogot\u00e1, Bogot\u00e1, Distrito Capital, RAP (Especial) Central, 111831, Colombia"],"houzez_geolocation_lat":["4.5606394876641225"],"houzez_geolocation_long":["-74.117932041647"],"fave_property_location":["4.5606394876641225,-74.117932041647"],"fave_property_map":["1"],"fave_property_map_street_view":[""],"houzez_total_property_views":["31"],"houzez_views_by_date":["a:30:{s:10:\"09-29-2025\";i:2;s:10:\"10-01-2025\";i:1;s:10:\"10-08-2025\";i:1;s:10:\"10-16-2025\";i:1;s:10:\"10-24-2025\";i:1;s:10:\"10-29-2025\";i:1;s:10:\"11-13-2025\";i:1;s:10:\"11-15-2025\";i:1;s:10:\"11-25-2025\";i:1;s:10:\"12-03-2025\";i:1;s:10:\"12-05-2025\";i:1;s:10:\"12-21-2025\";i:1;s:10:\"01-09-2026\";i:1;s:10:\"01-15-2026\";i:1;s:10:\"01-26-2026\";i:1;s:10:\"02-17-2026\";i:1;s:10:\"02-18-2026\";i:1;s:10:\"02-20-2026\";i:1;s:10:\"02-24-2026\";i:1;s:10:\"03-02-2026\";i:1;s:10:\"03-08-2026\";i:1;s:10:\"03-16-2026\";i:1;s:10:\"03-23-2026\";i:1;s:10:\"04-01-2026\";i:1;s:10:\"04-09-2026\";i:1;s:10:\"04-13-2026\";i:1;s:10:\"04-20-2026\";i:1;s:10:\"04-21-2026\";i:1;s:10:\"04-26-2026\";i:1;s:10:\"04-27-2026\";i:1;}"],"houzez_recently_viewed":["2026-04-27 08:35:21"],"fave_property_images":["18434","18426","18427","18428","18429","18431","18432","18433","18430","18425"],"_thumbnail_id":["18434"],"_elementor_page_assets":["a:0:{}"]},"_links":{"self":[{"href":"https:\/\/www.hurtadogrupoinmobiliario.com\/index.php?rest_route=\/wp\/v2\/properties\/18421","targetHints":{"allow":["GET"]}}],"collection":[{"href":"https:\/\/www.hurtadogrupoinmobiliario.com\/index.php?rest_route=\/wp\/v2\/properties"}],"about":[{"href":"https:\/\/www.hurtadogrupoinmobiliario.com\/index.php?rest_route=\/wp\/v2\/types\/property"}],"author":[{"embeddable":true,"href":"https:\/\/www.hurtadogrupoinmobiliario.com\/index.php?rest_route=\/wp\/v2\/users\/2"}],"version-history":[{"count":1,"href":"https:\/\/www.hurtadogrupoinmobiliario.com\/index.php?rest_route=\/wp\/v2\/properties\/18421\/revisions"}],"predecessor-version":[{"id":18422,"href":"https:\/\/www.hurtadogrupoinmobiliario.com\/index.php?rest_route=\/wp\/v2\/properties\/18421\/revisions\/18422"}],"wp:featuredmedia":[{"embeddable":true,"href":"https:\/\/www.hurtadogrupoinmobiliario.com\/index.php?rest_route=\/wp\/v2\/media\/18434"}],"wp:attachment":[{"href":"https:\/\/www.hurtadogrupoinmobiliario.com\/index.php?rest_route=%2Fwp%2Fv2%2Fmedia&parent=18421"}],"wp:term":[{"taxonomy":"property_type","embeddable":true,"href":"https:\/\/www.hurtadogrupoinmobiliario.com\/index.php?rest_route=%2Fwp%2Fv2%2Fproperty_type&post=18421"},{"taxonomy":"property_status","embeddable":true,"href":"https:\/\/www.hurtadogrupoinmobiliario.com\/index.php?rest_route=%2Fwp%2Fv2%2Fproperty_status&post=18421"},{"taxonomy":"property_feature","embeddable":true,"href":"https:\/\/www.hurtadogrupoinmobiliario.com\/index.php?rest_route=%2Fwp%2Fv2%2Fproperty_feature&post=18421"},{"taxonomy":"property_label","embeddable":true,"href":"https:\/\/www.hurtadogrupoinmobiliario.com\/index.php?rest_route=%2Fwp%2Fv2%2Fproperty_label&post=18421"},{"taxonomy":"property_city","embeddable":true,"href":"https:\/\/www.hurtadogrupoinmobiliario.com\/index.php?rest_route=%2Fwp%2Fv2%2Fproperty_city&post=18421"}],"curies":[{"name":"wp","href":"https:\/\/api.w.org\/{rel}","templated":true}]}}

<div dir="auto">Apartamento ubicado en el sur de la ciudad de Bogotá.</div>
<div dir="auto">Conjunto residencial Portal de Molinos 3.<span class="html-span xexx8yu xyri2b x18d9i69 x1c1uobl x1hl2dhg x16tdsg8 x1vvkbs x3nfvp2 x1j61x8r x1fcty0u xdj266r xat24cr xm2jcoa x1mpyi22 xxymvpz xlup9mm x1kky2od"><img decoding="async" class="xz74otr x15mokao x1ga7v0g x16uus16 xbiv7yw" src="https://static.xx.fbcdn.net/images/emoji.php/v9/t2d/1/16/1f4cd.png" alt="📍" width="16" height="16" /></span></div>
<div dir="auto">Es un sexto piso, conjunto con ascensor</div>
<div dir="auto"><span class="html-span xexx8yu xyri2b x18d9i69 x1c1uobl x1hl2dhg x16tdsg8 x1vvkbs x3nfvp2 x1j61x8r x1fcty0u xdj266r xat24cr xm2jcoa x1mpyi22 xxymvpz xlup9mm x1kky2od"><img decoding="async" class="xz74otr x15mokao x1ga7v0g x16uus16 xbiv7yw" src="https://static.xx.fbcdn.net/images/emoji.php/v9/t2f/1/16/1f4cf.png" alt="📏" width="16" height="16" /></span>Tiene un área de 45 metros cuadrados</div>
<div dir="auto">Consta de:</div>
<div dir="auto"><span class="html-span xexx8yu xyri2b x18d9i69 x1c1uobl x1hl2dhg x16tdsg8 x1vvkbs x3nfvp2 x1j61x8r x1fcty0u xdj266r xat24cr xm2jcoa x1mpyi22 xxymvpz xlup9mm x1kky2od"><img decoding="async" class="xz74otr x15mokao x1ga7v0g x16uus16 xbiv7yw" src="https://static.xx.fbcdn.net/images/emoji.php/v9/t2b/1/16/1f6cc_1f3fd.png" alt="🛌🏽" width="16" height="16" /></span><span class="html-span xexx8yu xyri2b x18d9i69 x1c1uobl x1hl2dhg x16tdsg8 x1vvkbs x3nfvp2 x1j61x8r x1fcty0u xdj266r xat24cr xm2jcoa x1mpyi22 xxymvpz xlup9mm x1kky2od"><img decoding="async" class="xz74otr x15mokao x1ga7v0g x16uus16 xbiv7yw" src="https://static.xx.fbcdn.net/images/emoji.php/v9/t2b/1/16/1f6cc_1f3fd.png" alt="🛌🏽" width="16" height="16" /></span><span class="html-span xexx8yu xyri2b x18d9i69 x1c1uobl x1hl2dhg x16tdsg8 x1vvkbs x3nfvp2 x1j61x8r x1fcty0u xdj266r xat24cr xm2jcoa x1mpyi22 xxymvpz xlup9mm x1kky2od"><img decoding="async" class="xz74otr x15mokao x1ga7v0g x16uus16 xbiv7yw" src="https://static.xx.fbcdn.net/images/emoji.php/v9/t2b/1/16/1f6cc_1f3fd.png" alt="🛌🏽" width="16" height="16" /></span>3 habitaciones</div>
<div dir="auto"><span class="html-span xexx8yu xyri2b x18d9i69 x1c1uobl x1hl2dhg x16tdsg8 x1vvkbs x3nfvp2 x1j61x8r x1fcty0u xdj266r xat24cr xm2jcoa x1mpyi22 xxymvpz xlup9mm x1kky2od"><img loading="lazy" decoding="async" class="xz74otr x15mokao x1ga7v0g x16uus16 xbiv7yw" src="https://static.xx.fbcdn.net/images/emoji.php/v9/t10/1/16/1f6bd.png" alt="🚽" width="16" height="16" /></span>1 baño</div>
<div dir="auto"><span class="html-span xexx8yu xyri2b x18d9i69 x1c1uobl x1hl2dhg x16tdsg8 x1vvkbs x3nfvp2 x1j61x8r x1fcty0u xdj266r xat24cr xm2jcoa x1mpyi22 xxymvpz xlup9mm x1kky2od"><img loading="lazy" decoding="async" class="xz74otr x15mokao x1ga7v0g x16uus16 xbiv7yw" src="https://static.xx.fbcdn.net/images/emoji.php/v9/tad/1/16/1f6cb.png" alt="🛋" width="16" height="16" /></span>sala comedor</div>
<div dir="auto"><span class="html-span xexx8yu xyri2b x18d9i69 x1c1uobl x1hl2dhg x16tdsg8 x1vvkbs x3nfvp2 x1j61x8r x1fcty0u xdj266r xat24cr xm2jcoa x1mpyi22 xxymvpz xlup9mm x1kky2od"><img loading="lazy" decoding="async" class="xz74otr x15mokao x1ga7v0g x16uus16 xbiv7yw" src="https://static.xx.fbcdn.net/images/emoji.php/v9/t68/1/16/1f374.png" alt="🍴" width="16" height="16" /></span>Cocina integral</div>
<div dir="auto">Parqueadero comunal</div>

<p>Apartamento ubicado en el sur de la ciudad de Bogotá. Conjunto residencial Portal de Molinos 3. Es un sexto piso, conjunto con ascensor Tiene un área de 45 metros cuadrados Consta de: 3 habitaciones 1 baño sala comedor Cocina integral Parqueadero comunal</p>

Molinos del Sur, UPZs Localidad Rafael Uribe Uribe, Localidad Rafael Uribe Uribe, Bogotá, Bogotá, Distrito Capital, RAP (Especial) Central, 111831, Colombia
